{"id":290,"date":"2025-07-20T17:20:42","date_gmt":"2025-07-20T20:20:42","guid":{"rendered":"https:\/\/dev.aemsolutions.com.br\/uvminas\/?page_id=290"},"modified":"2025-07-23T15:38:20","modified_gmt":"2025-07-23T18:38:20","slug":"historia","status":"publish","type":"page","link":"https:\/\/dev.aemsolutions.com.br\/uvminas\/historia\/","title":{"rendered":"Hist\u00f3ria"},"content":{"rendered":"\t\t<div data-elementor-type=\"wp-page\" data-elementor-id=\"290\" class=\"elementor elementor-290\" data-elementor-post-type=\"page\">\n\t\t\t\t<div class=\"elementor-element elementor-element-6caae60 e-flex e-con-boxed e-con e-parent\" data-id=\"6caae60\" data-element_type=\"container\" data-settings=\"{&quot;background_background&quot;:&quot;classic&quot;}\">\n\t\t\t\t\t<div class=\"e-con-inner\">\n\t\t<div class=\"elementor-element elementor-element-220ad17 e-con-full e-flex e-con e-child\" data-id=\"220ad17\" data-element_type=\"container\">\n\t\t\t\t<div class=\"elementor-element elementor-element-6dfba5b elementor-widget elementor-widget-heading\" data-id=\"6dfba5b\" data-element_type=\"widget\" data-widget_type=\"heading.default\">\n\t\t\t\t\t<p class=\"elementor-heading-title elementor-size-default\">Hist\u00f3ria<\/p>\t\t\t\t<\/div>\n\t\t\t\t<\/div>\n\t\t\t\t\t<\/div>\n\t\t\t\t<\/div>\n\t\t<div class=\"elementor-element elementor-element-8db0b8e e-flex e-con-boxed e-con e-parent\" data-id=\"8db0b8e\" data-element_type=\"container\">\n\t\t\t\t\t<div class=\"e-con-inner\">\n\t\t<div class=\"elementor-element elementor-element-7b09ef8 e-con-full e-flex e-con e-child\" data-id=\"7b09ef8\" data-element_type=\"container\">\n\t\t<div class=\"elementor-element elementor-element-a410960 e-con-full e-flex e-con e-child\" data-id=\"a410960\" data-element_type=\"container\">\n\t\t\t\t<div class=\"elementor-element elementor-element-8d5a6ca elementor-widget elementor-widget-image\" data-id=\"8d5a6ca\" data-element_type=\"widget\" data-widget_type=\"image.default\">\n\t\t\t\t\t\t\t\t\t\t\t\t\t\t\t<img fetchpriority=\"high\" decoding=\"async\" width=\"960\" height=\"448\" src=\"https:\/\/dev.aemsolutions.com.br\/uvminas\/wp-content\/uploads\/2025\/07\/20250702_135506-1024x478.jpg\" class=\"attachment-large size-large wp-image-244\" alt=\"\" srcset=\"https:\/\/dev.aemsolutions.com.br\/uvminas\/wp-content\/uploads\/2025\/07\/20250702_135506-1024x478.jpg 1024w, https:\/\/dev.aemsolutions.com.br\/uvminas\/wp-content\/uploads\/2025\/07\/20250702_135506-300x140.jpg 300w, https:\/\/dev.aemsolutions.com.br\/uvminas\/wp-content\/uploads\/2025\/07\/20250702_135506-768x359.jpg 768w, https:\/\/dev.aemsolutions.com.br\/uvminas\/wp-content\/uploads\/2025\/07\/20250702_135506-1536x717.jpg 1536w, https:\/\/dev.aemsolutions.com.br\/uvminas\/wp-content\/uploads\/2025\/07\/20250702_135506-2048x956.jpg 2048w\" sizes=\"(max-width: 960px) 100vw, 960px\" \/>\t\t\t\t\t\t\t\t\t\t\t\t\t\t\t<\/div>\n\t\t\t\t<\/div>\n\t\t<div class=\"elementor-element elementor-element-3cede62 e-con-full e-flex e-con e-child\" data-id=\"3cede62\" data-element_type=\"container\">\n\t\t\t\t<div class=\"elementor-element elementor-element-d92ccad elementor-widget elementor-widget-heading\" data-id=\"d92ccad\" data-element_type=\"widget\" data-widget_type=\"heading.default\">\n\t\t\t\t\t<p class=\"elementor-heading-title elementor-size-default\">Defender o municipalismo e fortalecer o parlamento<\/p>\t\t\t\t<\/div>\n\t\t\t\t<div class=\"elementor-element elementor-element-8f19dcd elementor-widget__width-initial elementor-widget elementor-widget-heading\" data-id=\"8f19dcd\" data-element_type=\"widget\" data-widget_type=\"heading.default\">\n\t\t\t\t\t<p class=\"elementor-heading-title elementor-size-default\">Promover o bem estar social atrav\u00e9s da conquista de emendas parlamentares e acesso livre \u00e0 ALMG - Assembleia Legislativa de Minas Gerais, Congresso Nacional e Governo do Estado, fortalecendo o elo entre os poderes para conquista de mais recursos aos munic\u00edpios de Minas Gerais.<\/p>\t\t\t\t<\/div>\n\t\t\t\t<\/div>\n\t\t\t\t<\/div>\n\t\t\t\t\t<\/div>\n\t\t\t\t<\/div>\n\t\t\t\t<\/div>\n\t\t","protected":false},"excerpt":{"rendered":"<p>Hist\u00f3ria Defender o municipalismo e fortalecer o parlamento Promover o bem estar social atrav\u00e9s da conquista de emendas parlamentares e acesso livre \u00e0 ALMG &#8211; Assembleia Legislativa de Minas Gerais, Congresso Nacional e Governo do Estado, fortalecendo o elo entre os poderes para conquista de mais recursos aos munic\u00edpios de Minas Gerais.<\/p>\n","protected":false},"author":1,"featured_media":0,"parent":0,"menu_order":0,"comment_status":"closed","ping_status":"closed","template":"elementor_header_footer","meta":{"footnotes":""},"class_list":["post-290","page","type-page","status-publish","hentry"],"_links":{"self":[{"href":"https:\/\/dev.aemsolutions.com.br\/uvminas\/wp-json\/wp\/v2\/pages\/290","targetHints":{"allow":["GET"]}}],"collection":[{"href":"https:\/\/dev.aemsolutions.com.br\/uvminas\/wp-json\/wp\/v2\/pages"}],"about":[{"href":"https:\/\/dev.aemsolutions.com.br\/uvminas\/wp-json\/wp\/v2\/types\/page"}],"author":[{"embeddable":true,"href":"https:\/\/dev.aemsolutions.com.br\/uvminas\/wp-json\/wp\/v2\/users\/1"}],"replies":[{"embeddable":true,"href":"https:\/\/dev.aemsolutions.com.br\/uvminas\/wp-json\/wp\/v2\/comments?post=290"}],"version-history":[{"count":23,"href":"https:\/\/dev.aemsolutions.com.br\/uvminas\/wp-json\/wp\/v2\/pages\/290\/revisions"}],"predecessor-version":[{"id":370,"href":"https:\/\/dev.aemsolutions.com.br\/uvminas\/wp-json\/wp\/v2\/pages\/290\/revisions\/370"}],"wp:attachment":[{"href":"https:\/\/dev.aemsolutions.com.br\/uvminas\/wp-json\/wp\/v2\/media?parent=290"}],"curies":[{"name":"wp","href":"https:\/\/api.w.org\/{rel}","templated":true}]}}

História

<div data-elementor-type="wp-page" data-elementor-id="290" class="elementor elementor-290" data-elementor-post-type="page">
				<div class="elementor-element elementor-element-6caae60 e-flex e-con-boxed e-con e-parent" data-id="6caae60" data-element_type="container" data-settings="{&quot;background_background&quot;:&quot;classic&quot;}">
					<div class="e-con-inner">
		<div class="elementor-element elementor-element-220ad17 e-con-full e-flex e-con e-child" data-id="220ad17" data-element_type="container">
				<div class="elementor-element elementor-element-6dfba5b elementor-widget elementor-widget-heading" data-id="6dfba5b" data-element_type="widget" data-widget_type="heading.default">
					<p class="elementor-heading-title elementor-size-default">História</p>				</div>
				</div>
					</div>
				</div>
		<div class="elementor-element elementor-element-8db0b8e e-flex e-con-boxed e-con e-parent" data-id="8db0b8e" data-element_type="container">
					<div class="e-con-inner">
		<div class="elementor-element elementor-element-7b09ef8 e-con-full e-flex e-con e-child" data-id="7b09ef8" data-element_type="container">
		<div class="elementor-element elementor-element-a410960 e-con-full e-flex e-con e-child" data-id="a410960" data-element_type="container">
				<div class="elementor-element elementor-element-8d5a6ca elementor-widget elementor-widget-image" data-id="8d5a6ca" data-element_type="widget" data-widget_type="image.default">
															<img fetchpriority="high" decoding="async" width="960" height="448" src="https://dev.aemsolutions.com.br/uvminas/wp-content/uploads/2025/07/20250702_135506-1024x478.jpg" class="attachment-large size-large wp-image-244" alt="" srcset="https://dev.aemsolutions.com.br/uvminas/wp-content/uploads/2025/07/20250702_135506-1024x478.jpg 1024w, https://dev.aemsolutions.com.br/uvminas/wp-content/uploads/2025/07/20250702_135506-300x140.jpg 300w, https://dev.aemsolutions.com.br/uvminas/wp-content/uploads/2025/07/20250702_135506-768x359.jpg 768w, https://dev.aemsolutions.com.br/uvminas/wp-content/uploads/2025/07/20250702_135506-1536x717.jpg 1536w, https://dev.aemsolutions.com.br/uvminas/wp-content/uploads/2025/07/20250702_135506-2048x956.jpg 2048w" sizes="(max-width: 960px) 100vw, 960px" />															</div>
				</div>
		<div class="elementor-element elementor-element-3cede62 e-con-full e-flex e-con e-child" data-id="3cede62" data-element_type="container">
				<div class="elementor-element elementor-element-d92ccad elementor-widget elementor-widget-heading" data-id="d92ccad" data-element_type="widget" data-widget_type="heading.default">
					<p class="elementor-heading-title elementor-size-default">Defender o municipalismo e fortalecer o parlamento</p>				</div>
				<div class="elementor-element elementor-element-8f19dcd elementor-widget__width-initial elementor-widget elementor-widget-heading" data-id="8f19dcd" data-element_type="widget" data-widget_type="heading.default">
					<p class="elementor-heading-title elementor-size-default">Promover o bem estar social através da conquista de emendas parlamentares e acesso livre à ALMG - Assembleia Legislativa de Minas Gerais, Congresso Nacional e Governo do Estado, fortalecendo o elo entre os poderes para conquista de mais recursos aos municípios de Minas Gerais.</p>				</div>
				</div>
				</div>
					</div>
				</div>
				</div>

<p>História Defender o municipalismo e fortalecer o parlamento Promover o bem estar social através da conquista de emendas parlamentares e acesso livre à ALMG &#8211; Assembleia Legislativa de Minas Gerais, Congresso Nacional e Governo do Estado, fortalecendo o elo entre os poderes para conquista de mais recursos aos municípios de Minas Gerais.</p>
